e remainder when 185 is divided by 1.
0
Calculate the remainder when 8 is divided by 5.
3
What is the remainder when 139 is divided by 37?
28
Calculate the remainder when 224 is divided by 78.
68
Calculate the remainder when 781 is divided by 71.
0
Calculate the remainder when 760 is divided by 748.
12
Calculate the remainder when 189 is divided by 16.
13
What is the remainder when 33117 is divided by 15?
12
What is the remainder when 121 is divided by 33?
22
What is the remainder when 236 is divided by 34?
32
Calculate the remainder when 411 is divided by 137.
0
Calculate the remainder when 745 is divided by 2.
1
Calculate the remainder when 102 is divided by 27.
21
Calculate the remainder when 356 is divided by 179.
177
What is the remainder when 113 is divided by 58?
55
Calculate the remainder when 142 is divided by 29.
26
What is the remainder when 56 is divided by 13?
4
What is the remainder when 746 is divided by 7?
4
What is the remainder when 112 is divided by 57?
55
What is the remainder when 190 is divided by 8?
6
What is the remainder when 571 is divided by 7?
4
Calculate the remainder when 306 is divided by 62.
58
What is the remainder when 101 is divided by 26?
23
What is the remainder when 6509 is divided by 37?
34
What is the remainder when 2630 is divided by 56?
54
What is the remainder when 4857 is divided by 1210?
17
What is the remainder when 140 is divided by 30?
20
What is the remainder when 1971 is divided by 94?
91
Calculate the remainder when 3666 is divided by 17.
11
Calculate the remainder when 229 is divided by 59.
52
Calculate the remainder when 3182 is divided by 3180.
2
What is the remainder when 157 is divided by 27?
22
Calculate the remainder when 2242 is divided by 58.
38
Calculate the remainder when 102 is divided by 13.
11
What is the remainder when 1912 is divided by 1895?
17
What is the remainder when 542 is divided by 534?
8
What is the remainder when 3270 is divided by 126?
120
Calculate the remainder when 24605 is divided by 32.
29
Calculate the remainder when 446 is divided by 439.
7
Calculate the remainder when 2157 is divided by 5.
2
What is the remainder when 459 is divided by 137?
48
Calculate the remainder when 230 is divided by 121.
109
What is the remainder when 1537 is divided by 17?
7
Calculate the remainder when 87 is divided by 8.
7
What is the remainder when 850 is divided by 71?
69
What is the remainder when 495 is divided by 161?
12
Calculate the remainder when 637 is divided by 40.
37
Calculate the remainder when 3187 is divided by 1061.
4
Calculate the remainder when 90 is divided by 19.
14
Calculate the remainder when 288 is divided by 98.
92
Calculate the remainder when 933 is divided by 220.
53
What is the remainder when 779 is divided by 7?
2
What is the remainder when 57 is divided by 10?
7
Calculate the remainder when 188 is divided by 94.
0
What is the remainder when 335 is divided by 21?
20
What is the remainder when 3360 is divided by 61?
5
Calculate the remainder when 16764 is divided by 25.
14
What is the remainder when 156 is divided by 45?
21
What is the remainder when 302 is divided by 71?
18
Calculate the remainder when 476 is divided by 289.
187
What is the remainder when 1735 is divided by 575?
10
What is the remainder when 33 is divided by 5?
3
What is the remainder when 306 is divided by 146?
14
Calculate the remainder when 232 is divided by 18.
16
Calculate the remainder when 147 is divided by 50.
47
Calculate the remainder when 282 is divided by 60.
42
What is the remainder when 136 is divided by 22?
4
Calculate the remainder when 55 is divided by 10.
5
What is the remainder when 347 is divided by 59?
52
Calculate the remainder when 6349 is divided by 3.
1
What is the remainder when 485 is divided by 43?
12
What is the remainder when 341 is divided by 99?
44
Calculate the remainder when 73 is divided by 9.
1
What is the remainder when 33485 is divided by 182?
179
Calculate the remainder when 69 is divided by 9.
6
Calculate the remainder when 515 is divided by 58.
51
What is the remainder when 230 is divided by 44?
10
Calculate the remainder when 170 is divided by 8.
2
Calculate the remainder when 391 is divided by 20.
11
What is the remainder when 39 is divided by 36?
3
What is the remainder when 62 is divided by 46?
16
What is the remainder when 610 is divided by 88?
82
Calculate the remainder when 56 is divided by 20.
16
What is the remainder when 624 is divided by 591?
33
What is the remainder when 58 is divided by 8?
2
What is the remainder when 22 is divided by 8?
6
What is the remainder when 210 is divided by 44?
34
Calculate the remainder when 73 is divided by 37.
36
Calculate the remainder when 2016 is divided by 290.
276
What is the remainder when 294 is divided by 62?
46
Calculate the remainder when 83 is divided by 22.
17
Calculate the remainder when 5031 is divided by 26.
13
What is the remainder when 56 is divided by 25?
6
What is the remainder when 787 is divided by 226?
109
What is the remainder when 533 is divided by 4?
1
Calculate the remainder when 82 is divided by 42.
40
What is the remainder when 1014 is divided by 35?
34
Calculate the remainder when 174 is divided by 34.
4
Calculate the remainder when 445 is divided by 91.
81
Calculate the remainder when 251 is divided by 36.
35
Calculate the remainder when 5150 is divided by 56.
54
Calculate the remainder when 105 is divided by 37.
31
Calculate the remainder when 176 is divided by 43.
4
Calculate the remainder when 416 is divided by 73.
51
What is the remainder when 2974 is divided by 7?
6
Calculate the remainder when 596 is divided by 242.
112
What is the remainder when 1598 is divided by 64?
62
Calculate the remainder when 878 is divided by 430.
18
What is the remainder when 361 is divided by 64?
41
What is the remainder when 4707 is divided by 107?
106
What is the remainder when 11975 is divided by 99?
95
What is the remainder when 1625 is divided by 271?
270
What is the remainder when 139 is divided by 66?
7
Calculate the remainder when 276 is divided by 20.
16
Calculate the remainder when 271 is divided by 13.
11
What is the remainder when 2851 is divided by 62?
61
Calculate the remainder when 58 is divided by 27.
4
Calculate the remainder when 1109 is divided by 345.
74
Calculate the remainder when 87 is divided by 51.
36
What is the remainder when 5593 is divided by 193?
189
What is the remainder when 501 is divided by 156?
33
What is the remainder when 908 is divided by 57?
53
Calculate the remainder when 891 is divided by 6.
3
Calculate the remainder when 11335 is divided by 17.
13
Calculate the remainder when 172 is divided by 28.
4
What is the remainder when 38 is divided by 5?
3
Calculate the remainder when 277 is divided by 87.
16
Calculate the remainder when 346 is divided by 70.
66
What is the remainder when 143 is divided by 67?
9
Calculate the remainder when 284 is divided by 24.
20
What is the remainder when 713 is divided by 446?
267
Calculate the remainder when 558 is divided by 56.
54
What is the remainder when 3747 is divided by 1245?
12
What is the remainder when 2929 is divided by 109?
95
What is the remainder when 8711 is divided by 218?
209
What is the remainder when 414 is divided by 102?
6
What is the remainder when 99 is divided by 34?
31
What is the remainder when 2461 is divided by 817?
10
What is the remainder when 184 is divided by 35?
9
Calculate the remainder when 268 is divided by 26.
8
Calculate the remainder when 241 is divided by 39.
7
What is the remainder when 1551 is divided by 37?
34
What is the remainder when 56 is divided by 16?
8
What is the remainder when 430 is divided by 24?
22
What is the remainder when 1475 is divided by 211?
209
Calculate the remainder when 1477 is divided by 29.
27
What is the remainder when 133 is divided by 17?
14
Calculate the remainder when 102 is divided by 35.
32
What is the remainder when 110 is divided by 32?
14
What is the remainder when 1264 is divided by 55?
54
What is the remainder when 1175 is divided by 62?
59
What is the remainder when 339 is divided by 77?
31
What is the remainder when 3998 is divided by 93?
92
Calculate the remainder when 122 is divided by 2.
0
What is the remainder when 945 is divided by